{"id":216,"date":"2021-05-19T21:25:32","date_gmt":"2021-05-19T18:25:32","guid":{"rendered":"http:\/\/www.kauneushoitolamyday.com\/wordpress\/?page_id=216"},"modified":"2021-05-19T21:36:48","modified_gmt":"2021-05-19T18:36:48","slug":"etusivu","status":"publish","type":"page","link":"http:\/\/www.kauneushoitolamyday.com\/wordpress\/","title":{"rendered":"Etusivu"},"content":{"rendered":"<div id=\"pl-216\"  class=\"panel-layout\" ><div id=\"pg-216-0\"  class=\"panel-grid panel-has-style\" ><div class=\"siteorigin-panels-stretch panel-row-style panel-row-style-for-216-0\" style=\"padding: 0px 0; \" data-stretch-type=\"full-stretched\" data-overlay=\"true\" data-overlay-color=\"#000000\" ><div id=\"pgc-216-0-0\"  class=\"panel-grid-cell\" ><div id=\"panel-216-0-0-0\" class=\"so-panel widget widget_sow-image panel-first-child panel-last-child\" data-index=\"0\" ><div style=\"text-align: left;\" data-title-color=\"#443f3f\" data-headings-color=\"#443f3f\" class=\"panel-widget-style panel-widget-style-for-216-0-0-0\" ><div class=\"so-widget-sow-image so-widget-sow-image-default-72463164d13f-216\">\n\n<div class=\"sow-image-container\">\n\t\t<img decoding=\"async\" src=\"http:\/\/www.kauneushoitolamyday.com\/wordpress\/wp-content\/uploads\/2021\/05\/Banneri.png\" width=\"1215\" height=\"281\" srcset=\"http:\/\/www.kauneushoitolamyday.com\/wordpress\/wp-content\/uploads\/2021\/05\/Banneri.png 1215w, http:\/\/www.kauneushoitolamyday.com\/wordpress\/wp-content\/uploads\/2021\/05\/Banneri-300x69.png 300w, http:\/\/www.kauneushoitolamyday.com\/wordpress\/wp-content\/uploads\/2021\/05\/Banneri-1024x237.png 1024w, http:\/\/www.kauneushoitolamyday.com\/wordpress\/wp-content\/uploads\/2021\/05\/Banneri-768x178.png 768w, http:\/\/www.kauneushoitolamyday.com\/wordpress\/wp-content\/uploads\/2021\/05\/Banneri-830x192.png 830w, http:\/\/www.kauneushoitolamyday.com\/wordpress\/wp-content\/uploads\/2021\/05\/Banneri-230x53.png 230w, http:\/\/www.kauneushoitolamyday.com\/wordpress\/wp-content\/uploads\/2021\/05\/Banneri-350x81.png 350w, http:\/\/www.kauneushoitolamyday.com\/wordpress\/wp-content\/uploads\/2021\/05\/Banneri-480x111.png 480w\" sizes=\"auto, (max-width: 1215px) 100vw, 1215px\" alt=\"\" loading=\"lazy\" \t\tclass=\"so-widget-image\"\/>\n\t<\/div>\n\n<\/div><\/div><\/div><\/div><\/div><\/div><div id=\"pg-216-1\"  class=\"panel-grid panel-has-style\" ><div style=\"padding: 25px 0; \" data-overlay=\"true\" data-overlay-color=\"#000000\" class=\"panel-row-style panel-row-style-for-216-1\" ><div id=\"pgc-216-1-0\"  class=\"panel-grid-cell panel-grid-cell-empty\" ><\/div><div id=\"pgc-216-1-1\"  class=\"panel-grid-cell\" ><div id=\"panel-216-1-1-0\" class=\"so-panel widget widget_sow-editor panel-first-child\" data-index=\"1\" ><div style=\"text-align: left;\" data-title-color=\"#443f3f\" data-headings-color=\"#443f3f\" class=\"panel-widget-style panel-widget-style-for-216-1-1-0\" ><div class=\"so-widget-sow-editor so-widget-sow-editor-base\">\n<div class=\"siteorigin-widget-tinymce textwidget\">\n\t<p><a href=\"\/wordpress\">Etusivu<\/a>&nbsp;&nbsp;&nbsp;&nbsp;|&nbsp;&nbsp;&nbsp;&nbsp;<a href=\"\/wordpress\/hinnasto\">Hinnasto<\/a>&nbsp;&nbsp;&nbsp;&nbsp;|&nbsp;&nbsp;&nbsp;&nbsp;<a href=\"\/wordpress\/yhteystiedot\">Yhteystiedot<\/a><\/p>\n<\/div>\n<\/div><\/div><\/div><div id=\"panel-216-1-1-1\" class=\"so-panel widget widget_sow-editor panel-last-child\" data-index=\"2\" ><div style=\"text-align: left;\" data-title-color=\"#443f3f\" data-headings-color=\"#443f3f\" class=\"panel-widget-style panel-widget-style-for-216-1-1-1\" ><div class=\"so-widget-sow-editor so-widget-sow-editor-base\">\n<div class=\"siteorigin-widget-tinymce textwidget\">\n\t<p>Kauneushoitola My Day on aloittanut toimintansa vuonna 2003. Hoitola sijaitsee Torniossa Putaalla<br \/>\nKemintie 11.ssa, tarkemmin sanottuna R-kioskin talossa, jossa se on sijainnut toiminnan alusta alkaen.<br \/>\nHoitolan yritt\u00e4j\u00e4n\u00e4 toimii sky-kosmetologi Birgitta Kemppainen.<\/p>\n<p>Hoitolassa tehd\u00e4\u00e4n Kasvohoitoja, erikoiskasvohoitoja, jalkahoitoja, k\u00e4sihoitoja, meikkauksia, kulmien ja<br \/>\nripsien kestov\u00e4rj\u00e4yksi\u00e4, karvojen poistoa l\u00e4mminvahalla ja kestotaivutuksia.<\/p>\n<\/div>\n<\/div><\/div><\/div><\/div><\/div><\/div><\/div>","protected":false},"excerpt":{"rendered":"<p>Etusivu&nbsp;&nbsp;&nbsp;&nbsp;|&nbsp;&nbsp;&nbsp;&nbsp;Hinnasto&nbsp;&nbsp;&nbsp;&nbsp;|&nbsp;&nbsp;&nbsp;&nbsp;Yhteystiedot Kauneushoitola My Day on aloittanut toimintansa vuonna 2003. Hoitola sijaitsee Torniossa Putaalla Kemintie 11.ssa, tarkemmin sanottuna R-kioskin talossa, jossa se on [&hellip;]<\/p>\n","protected":false},"author":1,"featured_media":0,"parent":0,"menu_order":0,"comment_status":"closed","ping_status":"closed","template":"page-templates\/page_front-page.php","meta":{"footnotes":""},"class_list":["post-216","page","type-page","status-publish","hentry"],"_links":{"self":[{"href":"http:\/\/www.kauneushoitolamyday.com\/wordpress\/wp-json\/wp\/v2\/pages\/216","targetHints":{"allow":["GET"]}}],"collection":[{"href":"http:\/\/www.kauneushoitolamyday.com\/wordpress\/wp-json\/wp\/v2\/pages"}],"about":[{"href":"http:\/\/www.kauneushoitolamyday.com\/wordpress\/wp-json\/wp\/v2\/types\/page"}],"author":[{"embeddable":true,"href":"http:\/\/www.kauneushoitolamyday.com\/wordpress\/wp-json\/wp\/v2\/users\/1"}],"replies":[{"embeddable":true,"href":"http:\/\/www.kauneushoitolamyday.com\/wordpress\/wp-json\/wp\/v2\/comments?post=216"}],"version-history":[{"count":5,"href":"http:\/\/www.kauneushoitolamyday.com\/wordpress\/wp-json\/wp\/v2\/pages\/216\/revisions"}],"predecessor-version":[{"id":232,"href":"http:\/\/www.kauneushoitolamyday.com\/wordpress\/wp-json\/wp\/v2\/pages\/216\/revisions\/232"}],"wp:attachment":[{"href":"http:\/\/www.kauneushoitolamyday.com\/wordpress\/wp-json\/wp\/v2\/media?parent=216"}],"curies":[{"name":"wp","href":"https:\/\/api.w.org\/{rel}","templated":true}]}}